{"id":6,"date":"2020-01-13T15:52:09","date_gmt":"2020-01-13T15:52:09","guid":{"rendered":"http:\/\/www.ferienwohnungen-gerti.at\/web\/?page_id=6"},"modified":"2025-01-11T19:45:26","modified_gmt":"2025-01-11T19:45:26","slug":"das-haus","status":"publish","type":"page","link":"https:\/\/www.ferienwohnungen-gerti.at\/web\/","title":{"rendered":"Das Haus"},"content":{"rendered":"<!-- wp:themify-builder\/canvas \/-->","protected":false},"excerpt":{"rendered":"","protected":false},"author":1,"featured_media":0,"parent":0,"menu_order":1,"comment_status":"closed","ping_status":"closed","template":"","meta":{"footnotes":""},"class_list":["post-6","page","type-page","status-publish","hentry","has-post-title","has-post-date","has-post-category","has-post-tag","has-post-comment","has-post-author",""],"builder_content":"<p>Das Haus liegt in <strong>ruhiger, sonniger Lage<\/strong> und ist trotzdem nur ca. 7 Gehminuten vom <strong>Zentrum am Klopeiner See<\/strong> entfernt. Im Zentrum am Klopeiner See k\u00f6nnen Sie in aller Ruhe die Sonnenseite des Sees auf der Seepromenade abschreiten oder die zahlreichen Unterhaltungs- und Einkaufsgelegenheiten nutzen.<\/p>\n<img src=\"https:\/\/ferienwohnungen-gerti.at\/web\/wp-content\/uploads\/2020\/01\/StKanzian.jpg\" width=\"300\" height=\"240\" title=\"Das Haus\" alt=\"Das Haus\">\n[gallery ids=\"153,162,154\"]\n<p>Das Zentrum <strong>St. Kanzian<\/strong> (ca. 4 Gehminuten entfernt) bietet Ihnen alle wichtigen Einrichtungen, die man w\u00e4hrend einem Erholungs- und Erlebnisurlaub brauchen kann (Lebensmittelgesch\u00e4fte, gute und preiswerte Restaurants, Banken, Post, Trafik, Kosmetikstudio, Fris\u00f6r, Apotheke, Tankstelle).<br data-rich-text-line-break=\"true\" \/>Auch ein Wildgatter mit Rehen, Hirschen und Kleintieren ist nur unweit entfernt und zu Fu\u00df gut erreichbar.<\/p>\n<p>Eine <b>gepflegte Wiese<\/b> mit Gartenm\u00f6bel und Tischtennis laden zum Spielen und Entspannen ein. Die zwei komfortablen Wohnungen f\u00fcr 2-4 Personen (54 m2) bzw. f\u00fcr 2-5 Personen (75 m2) mit <b>SAT-TV<\/b> (selbstverst\u00e4ndlich Flachbildfernseher 40 Zoll) und <b>Geschirrsp\u00fcler<\/b> befinden sich im ersten Stock und sind komplett mit Bett- und Tischw\u00e4sche, Dusch- und Handt\u00fcchern sowie Geschirr ausgestattet.<\/p> <p>Lage: [wpgmza id=\"1\"]<\/p> <p>\u00a0<\/p>\n<img src=\"https:\/\/www.ferienwohnungen-gerti.at\/web\/wp-content\/uploads\/2020\/06\/BalkonA1-scaled.jpg\" title=\"Das Haus\" alt=\"Das Haus\" srcset=\"https:\/\/www.ferienwohnungen-gerti.at\/web\/wp-content\/uploads\/2020\/06\/BalkonA1-scaled.jpg 2560w, https:\/\/www.ferienwohnungen-gerti.at\/web\/wp-content\/uploads\/2020\/06\/BalkonA1-300x201.jpg 300w, https:\/\/www.ferienwohnungen-gerti.at\/web\/wp-content\/uploads\/2020\/06\/BalkonA1-1024x685.jpg 1024w, https:\/\/www.ferienwohnungen-gerti.at\/web\/wp-content\/uploads\/2020\/06\/BalkonA1-768x514.jpg 768w, https:\/\/www.ferienwohnungen-gerti.at\/web\/wp-content\/uploads\/2020\/06\/BalkonA1-1536x1028.jpg 1536w, https:\/\/www.ferienwohnungen-gerti.at\/web\/wp-content\/uploads\/2020\/06\/BalkonA1-2048x1371.jpg 2048w\" sizes=\"(max-width: 2560px) 100vw, 2560px\" \/>","_links":{"self":[{"href":"https:\/\/www.ferienwohnungen-gerti.at\/web\/index.php?rest_route=\/wp\/v2\/pages\/6","targetHints":{"allow":["GET"]}}],"collection":[{"href":"https:\/\/www.ferienwohnungen-gerti.at\/web\/index.php?rest_route=\/wp\/v2\/pages"}],"about":[{"href":"https:\/\/www.ferienwohnungen-gerti.at\/web\/index.php?rest_route=\/wp\/v2\/types\/page"}],"author":[{"embeddable":true,"href":"https:\/\/www.ferienwohnungen-gerti.at\/web\/index.php?rest_route=\/wp\/v2\/users\/1"}],"replies":[{"embeddable":true,"href":"https:\/\/www.ferienwohnungen-gerti.at\/web\/index.php?rest_route=%2Fwp%2Fv2%2Fcomments&post=6"}],"version-history":[{"count":33,"href":"https:\/\/www.ferienwohnungen-gerti.at\/web\/index.php?rest_route=\/wp\/v2\/pages\/6\/revisions"}],"predecessor-version":[{"id":204,"href":"https:\/\/www.ferienwohnungen-gerti.at\/web\/index.php?rest_route=\/wp\/v2\/pages\/6\/revisions\/204"}],"wp:attachment":[{"href":"https:\/\/www.ferienwohnungen-gerti.at\/web\/index.php?rest_route=%2Fwp%2Fv2%2Fmedia&parent=6"}],"curies":[{"name":"wp","href":"https:\/\/api.w.org\/{rel}","templated":true}]}}