{"id":58,"date":"2020-01-14T16:40:55","date_gmt":"2020-01-14T16:40:55","guid":{"rendered":"http:\/\/www.ferienwohnungen-gerti.at\/web\/?page_id=58"},"modified":"2025-12-21T18:52:29","modified_gmt":"2025-12-21T18:52:29","slug":"preise","status":"publish","type":"page","link":"https:\/\/www.ferienwohnungen-gerti.at\/web\/?page_id=58","title":{"rendered":"Preise"},"content":{"rendered":"<!-- wp:themify-builder\/canvas \/--><!--themify_builder_static--><table border=\"0\" width=\"100%\" cellpadding=\"10\"> <tbody> <tr> <td colspan=\"3\">Der Wohnungspreis richtet sich wie unten illustriert nach der Saison, dem Wohnungstyp bzw. der Personenanzahl.<\/td> <\/tr> <tr> <td colspan=\"3\">Nebenkosten: Strom, Ortstaxe (nur f\u00fcr Erwachsene) u. Endreinigung (einmalig).<\/td> <\/tr> <tr> <td colspan=\"3\">Wohnungspreise f\u00fcr die Monate November, Dezember, J\u00e4nner, Februar und M\u00e4rz auf Anfrage<\/td> <\/tr> <\/tbody> <\/table>\n<table border=\"0\" width=\"100%\" cellpadding=\"10\"> <tbody> <tr> <td>Preise g\u00fcltig bis 31.12.2025<\/td> <\/tr> <\/tbody> <\/table> <table width=\"100%\" cellspacing=\"0\" cellpadding=\"0\"> <tbody> <tr> <td rowspan=\"2\">\u00a0<\/td> <td colspan=\"9\" height=\"5\"> Preise in EUR <\/td> <\/tr> <tr> <td>12.April <br \/>bis <br \/>1.Juli<\/td> <td>\u00a0<\/td> <td>\u00a0<\/td> <td>1.Juli <br \/>bis <br \/>1.September<\/td> <td>\u00a0<\/td> <td>1.September <br \/>bis <br \/>12.Oktober<\/td> <td><br \/><br \/><\/td> <td>12.Oktober <br \/>bis <br \/>12.April<\/td> <\/tr> <tr> <td width=\"15%\"><b><a href=\"http:\/\/ferienwohnungen-gerti.at\/web\/?page_id=32\">Wohnung A<\/a><\/b><\/td> <td> <b>71-101<\/b> <\/td> <td>\u00a0<\/td> <td> \u00a0 <\/td> <td> <b>90-120<\/b> <\/td> <td> \u00a0 <\/td> <td> <b>71-101<\/b> <\/td> <td> \u00a0 <\/td> <td width=\"10%\"> <a href=\"mailto:fewogerti@gmx.at\">Preise auf Anfrage<\/a> <\/td> <\/tr> <tr> <td width=\"15%\"><b><a href=\"http:\/\/ferienwohnungen-gerti.at\/web\/?page_id=48\">Wohnung B<\/a><\/b><\/td> <td> <b>74-119<\/b> <\/td> <td> \u00a0 <\/td> <td> \u00a0 <\/td> <td> <b>94-139<\/b> <\/td> <td> \u00a0 <\/td> <td> <b>74-119<\/b> <\/td> <td> \u00a0 <\/td> <td width=\"10%\"> <a href=\"mailto:fewogerti@gmx.at\">Preise auf Anfrage<\/a> <\/td> <\/tr> <\/tbody> <\/table>\n<p><a href=\"http:\/\/www.hotelverband.at\/down\/AGBH_061115.pdf\" target=\"_blank\" rel=\"noopener\">Buchungs-und Stornobedingungen laut \u00d6sterreichischem Hotelreglement (AGBH 2006)<\/a><\/p><!--\/themify_builder_static-->","protected":false},"excerpt":{"rendered":"<p>Der Wohnungspreis richtet sich wie unten illustriert nach der Saison, dem Wohnungstyp bzw. der Personenanzahl. Nebenkosten: Strom, Ortstaxe (nur f\u00fcr Erwachsene) u. Endreinigung (einmalig). Wohnungspreise f\u00fcr die Monate November, Dezember, J\u00e4nner, Februar und M\u00e4rz auf Anfrage Preise g\u00fcltig bis 31.12.2025 \u00a0 Preise in EUR 12.April bis 1.Juli \u00a0 \u00a0 1.Juli bis 1.September \u00a0 1.September bis [&hellip;]<\/p>\n","protected":false},"author":1,"featured_media":0,"parent":0,"menu_order":4,"comment_status":"closed","ping_status":"closed","template":"","meta":{"footnotes":""},"class_list":["post-58","page","type-page","status-publish","hentry","has-post-title","has-post-date","has-post-category","has-post-tag","has-post-comment","has-post-author",""],"builder_content":"<table border=\"0\" width=\"100%\" cellpadding=\"10\"> <tbody> <tr> <td colspan=\"3\">Der Wohnungspreis richtet sich wie unten illustriert nach der Saison, dem Wohnungstyp bzw. der Personenanzahl.<\/td> <\/tr> <tr> <td colspan=\"3\">Nebenkosten: Strom, Ortstaxe (nur f\u00fcr Erwachsene) u. Endreinigung (einmalig).<\/td> <\/tr> <tr> <td colspan=\"3\">Wohnungspreise f\u00fcr die Monate November, Dezember, J\u00e4nner, Februar und M\u00e4rz auf Anfrage<\/td> <\/tr> <\/tbody> <\/table>\n<table border=\"0\" width=\"100%\" cellpadding=\"10\"> <tbody> <tr> <td>Preise g\u00fcltig bis 31.12.2026<\/td> <\/tr> <\/tbody> <\/table> <table width=\"100%\" cellspacing=\"0\" cellpadding=\"0\"> <tbody> <tr> <td rowspan=\"2\">\u00a0<\/td> <td colspan=\"9\" height=\"5\"> Preise in EUR <\/td> <\/tr> <tr> <td>18.April <br \/>bis <br \/>1.Juli<\/td> <td>\u00a0<\/td> <td>\u00a0<\/td> <td>1.Juli <br \/>bis <br \/>1.September<\/td> <td>\u00a0<\/td> <td>1.September <br \/>bis <br \/>11.Oktober<\/td> <td><br \/><br \/><\/td> <td>11.Oktober <br \/>bis <br \/>18.April<\/td> <\/tr> <tr> <td width=\"15%\"><b><a href=\"http:\/\/ferienwohnungen-gerti.at\/web\/?page_id=32\">Wohnung A<\/a><\/b><\/td> <td> <b>74-104<\/b> <\/td> <td>\u00a0<\/td> <td> \u00a0 <\/td> <td> <b>94-124<\/b> <\/td> <td> \u00a0 <\/td> <td> <b>74-104<\/b> <\/td> <td> \u00a0 <\/td> <td width=\"10%\"> <a href=\"mailto:fewogerti@gmx.at\">Preise auf Anfrage<\/a> <\/td> <\/tr> <tr> <td width=\"15%\"><b><a href=\"http:\/\/ferienwohnungen-gerti.at\/web\/?page_id=48\">Wohnung B<\/a><\/b><\/td> <td> <b>77-122<\/b> <\/td> <td> \u00a0 <\/td> <td> \u00a0 <\/td> <td> <b>98-143<\/b> <\/td> <td> \u00a0 <\/td> <td> <b>77-122<\/b> <\/td> <td> \u00a0 <\/td> <td width=\"10%\"> <a href=\"mailto:fewogerti@gmx.at\">Preise auf Anfrage<\/a> <\/td> <\/tr> <\/tbody> <\/table>\n<p><a href=\"http:\/\/www.hotelverband.at\/down\/AGBH_061115.pdf\" target=\"_blank\" rel=\"noopener\">Buchungs-und Stornobedingungen laut \u00d6sterreichischem Hotelreglement (AGBH 2006)<\/a><\/p>","_links":{"self":[{"href":"https:\/\/www.ferienwohnungen-gerti.at\/web\/index.php?rest_route=\/wp\/v2\/pages\/58","targetHints":{"allow":["GET"]}}],"collection":[{"href":"https:\/\/www.ferienwohnungen-gerti.at\/web\/index.php?rest_route=\/wp\/v2\/pages"}],"about":[{"href":"https:\/\/www.ferienwohnungen-gerti.at\/web\/index.php?rest_route=\/wp\/v2\/types\/page"}],"author":[{"embeddable":true,"href":"https:\/\/www.ferienwohnungen-gerti.at\/web\/index.php?rest_route=\/wp\/v2\/users\/1"}],"replies":[{"embeddable":true,"href":"https:\/\/www.ferienwohnungen-gerti.at\/web\/index.php?rest_route=%2Fwp%2Fv2%2Fcomments&post=58"}],"version-history":[{"count":20,"href":"https:\/\/www.ferienwohnungen-gerti.at\/web\/index.php?rest_route=\/wp\/v2\/pages\/58\/revisions"}],"predecessor-version":[{"id":225,"href":"https:\/\/www.ferienwohnungen-gerti.at\/web\/index.php?rest_route=\/wp\/v2\/pages\/58\/revisions\/225"}],"wp:attachment":[{"href":"https:\/\/www.ferienwohnungen-gerti.at\/web\/index.php?rest_route=%2Fwp%2Fv2%2Fmedia&parent=58"}],"curies":[{"name":"wp","href":"https:\/\/api.w.org\/{rel}","templated":true}]}}